 11 = -3*a, a - x*c = 3*a. What are the prime factors of a?
2
Suppose 0 = u + 3*u - 16. Suppose u*o - 32 = 4*q, 3*o - 5*q - 22 - 2 = 0. Let t = 17 - o. What are the prime factors of t?
3
What are the prime factors of 243*(8/(-12) - -1)?
3
Suppose -2*p + 7 = y - 0*p, -5*y - 4*p = -17. List the prime factors of ((64 - 2) + -3)/y.
59
Let t(m) = -m + 8. List the prime factors of t(4).
2
List the prime factors of ((-1)/1)/(-6 - 5992/(-1000)).
5
Let k(a) = -a**2 + 7*a - 2. Let n = 3 - -4. Let r = n - 3. List the prime factors of k(r).
2, 5
Let a = -6 + 11. Suppose -a*v = -1 - 9. List the prime factors of 38/v - (-3)/(-1).
2
Let p(n) = 4*n. Let b be p(3). Let f be (-1 + -4 + 1)*-1. Suppose -f*j = -j - b. List the prime factors of j.
2
Let m(o) = -21*o - 41. List the prime factors of m(-15).
2, 137
Suppose -4*s + 2*s + 337 = 5*o, 4*s = -16. List the prime factors of o.
3, 23
Let j be 2/(5/(5/2)). List the prime factors of (1/(2/40))/j.
2, 5
Let j be (0 + (-1 - 2))/(-1). What are the prime factors of (-15)/(-6) + j/6?
3
Suppose -2*b - 3*y - 6 + 1 = 0, -2*b + 3*y + 1 = 0. Let f = -4 - -7. Let p = f - b. What are the prime factors of p?
2
Let i(a) = a**2 - a - 2. Let p be i(3). Suppose -4*h + 3*h + p = 0. Suppose 2*b = -3*b - 3*x + 47, 0 = h*x - 16. List the prime factors of b.
7
Let v = -8 + 14. List the prime factors of v.
2, 3
Suppose 0 = 3*l + 37 - 208. What are the prime factors of l?
3, 19
Suppose 3*m = -0*m. Let q(s) = s**2 + 1. Let g be q(m). What are the prime factors of g/(-3) - 25/(-3)?
2
Suppose -5*h - 205 = -5*m, m + 4*h - 60 + 9 = 0. List the prime factors of m.
43
Let g(z) = -16*z**3 + z - 1. Let k be g(-2). Suppose 44 - 18 = 2*m + 4*x, 5*m - 5*x = k. What are the prime factors of m?
3, 7
Let u = 93 - -30. List the prime factors of u.
3, 41
Suppose 5*u + 2*p = 7*p + 35, -5 = u - 4*p. List the prime factors of (1 + u)*1/2.
2, 3
Let r = 4 + -3. Let u(j) be the second derivative of 13*j**3/6 + 2*j. List the prime factors of u(r).
13
Suppose 27*m = 29*m - 258. What are the prime factors of m?
3, 43
Let r(w) = -w**3 - 7*w**2 - 8*w - 7. Let t be r(-6). Let v = -8 + 11. Suppose v = h + i, h = -0*h + t*i + 9. List the prime factors of h.
2
Let h(j) = -2*j**3 - 2*j**2 - 3*j - 2. Suppose 6 + 0 = 3*d. Let u = 0 - d. List the prime factors of h(u).
2, 3
Let z(x) = 38*x - 29. What are the prime factors of z(7)?
3, 79
Let n be (6/9)/(2/12). Suppose m - 18 = n*h, -h = -2*m - 4*h - 8. Suppose -5*r + 3*r = -m*d + 14, -5*r - 30 = -4*d. List the prime factors of d.
5
Suppose -2 = -4*i + 3*i. Suppose -38 + 10 = -i*g. List the prime factors of g.
2, 7
Suppose 2*q = 3*q. Suppose q = 4*r - 0*r - 56. Suppose 0 = 2*i - 5*g - r, -2*i + 4*i - 4*g = 12. What are the prime factors of i?
2
Let a(i) = -2 - 2*i**3 - 2*i**2 + 7*i**3 - 2*i**3 + i. What are the prime factors of a(2)?
2
Suppose -1 = 4*h + 27. Let x(m) = m**2 + 9*m + 5. Let a be x(h). List the prime factors of (-66)/a + (-2)/6.
7
Let y = -31 - -75. List the prime factors of y.
2, 11
Suppose -22*i = -23*i + 183. What are the prime factors of i?
3, 61
Suppose 94 + 132 = i. List the prime factors of i.
2, 113
Let s = -26 + 9. Let o = s + 62. List the prime factors of o.
3, 5
Let j = 157 + -144. List the prime factors of j.
13
Let l be (-36)/(-21) - (-2)/7. Suppose -l*q = -3*w - 74, 0 = -2*q + 5*w + 8 + 74. List the prime factors of q.
31
Suppose -5*v + 112 = -188. List the prime factors of v.
2, 3, 5
Suppose 0 = -4*f - 5*a - 7, 2*a + 0*a = 4*f - 14. What are the prime factors of -6*-1*1/f?
3
Suppose 4*l - 19 = -n, 0 = -3*l - n - n + 13. List the prime factors of l.
5
Suppose 2*s + 87 = 5*s. Suppose -s = 5*d + 11. Let m = -2 - d. What are the prime factors of m?
2, 3
Let v(q) = q**2 + q + 38. Suppose 0 = p + l + 3, -5*p - 2*l - 6 = -6*p. Let u be v(p). Suppose -r + u = r. List the prime factors of r.
19
Suppose 0 = -0*u - 3*u + 150. What are the prime factors of u?
2, 5
List the prime factors of 11/((-66)/12) - (1 + -309).
2, 3, 17
Suppose 5*w + 40 = -0*i + 5*i, 3*i - 4*w - 23 = 0. Let t(m) = -m**3 + 3*m**2 - 2*m + 3. Let l be t(3). Let d = l + i. What are the prime factors of d?
2, 3
Let q(x) = -x**3 + 9*x**2 - 4*x + 4. Let k be q(8). Suppose 8*b - 2*d - 45 = 3*b, 0 = -4*b + 4*d + k. List the prime factors of b.
3
Let c = -4 + 4. Suppose 2*i - 4*i + 102 = c. Suppose 2*o + o - i = 0. What are the prime factors of o?
17
Let l(d) = d**2 + 2*d - 3. Let t be l(-4). Suppose -n + t*s + 23 = 0, 5*s - 23 = -4*n + 2*s. Suppose 7 = 3*u - n. List the prime factors of u.
5
Let d = 299 + -151. List the prime factors of d.
2, 37
Let x = 66 - 21. Suppose j + 3*j = -2*w + 66, 0 = 3*j - 3*w - x. List the prime factors of j.
2
Suppose -229 = -7*s + 191. What are the prime factors of s?
2, 3, 5
What are the prime factors of -25 + 24 - ((0 - 211) + -1)?
211
Let t = 9 + -1. Let f = t + 4. What are the prime factors of f?
2, 3
Suppose 2*q + q = 3*u + 48, -2*u = -4*q + 36. List the prime factors of ((-68)/u)/(6/42).
2, 17
Let q(w) = -2*w**3 - 4*w**2 - 4*w - 3. Let u(x) = x**2 - 6*x + 3. Let i be u(5). Let s be q(i). List the prime factors of (s - 0)/(1/2).
2, 5
Suppose 5*m - 648 = 2*m. List the prime factors of m.
2, 3
Suppose 0 = -0*r - 3*r. Suppose r = a - 2*a + 14. List the prime factors of a.
2, 7
Let n = 42 + 10. List the prime factors of n.
2, 13
Let s = -1 + -4. Let p = s - -10. Let k = p + 2. List the prime factors of k.
7
Let z = 15 - -30. What are the prime factors of z?
3, 5
List the prime factors of (4 + (-30)/5)*93/(-2).
3, 31
Let b be (-3)/(2/(4/(-3))). Suppose -4*k + 8 = -b*j, 2*k = 6*k - 3*j - 10. Suppose -d + 5 = k. List the prime factors of d.
2
Suppose w = -4*w + 5. Suppose 2*c - l + w = -0*c, -5*c - 5*l = -35. Suppose -c*b = b - 6. What are the prime factors of b?
2
Let a(r) = -r - 2*r + 6 - 5. Suppose -4*g + g = 3. List the prime factors of a(g).
2
Let v be 10/(-5)*2/(-2). Suppose q - 4*g = 23, v*q - 3*g = 27 + 4. What are the prime factors of q?
11
Let j be ((-7)/(-2))/(3/6). Let f = j + -3. Suppose 5*r = g + r - 10, 82 = f*g + 5*r. List the prime factors of g.
2, 3
Let a = 13 - 9. Suppose -a*y - 32 = -2*q, 7 = 5*q - 4*y - 67. What are the prime factors of q?
2, 7
Suppose -3*a = 5*o - 126, -3*o - 2*a + 82 = 3*a. Let w = o + 3. List the prime factors of w.
3
Let k = 6 + -1. Let g = -28 + 28. Suppose -r + 5 + k = g. List the prime factors of r.
2, 5
Suppose 0*q - 10 = -q. Suppose k = 5*a + 16, -q = 5*k - 2*a - 44. What are the prime factors of k?
2, 3
Let b(x) = 9*x - 2. List the prime factors of b(13).
5, 23
What are the prime factors of 36/(-60) - (-348)/5?
3, 23
Let m(t) = -t**3 - 7*t**2 + 2*t - 6. Let d be m(-8). Suppose -d = s - 4*s. List the prime factors of s.
2, 7
Let y = 19 - 11. List the prime factors of y.
2
Let v = 6 + 118. List the prime factors of v.
2, 31
Let l = 1 + -3. What are the prime factors of (-5)/10 + (-41)/l?
2, 5
Let l(r) = -16*r + 54. What are the prime factors of l(-4)?
2, 59
Suppose -k + 1 + 13 = -5*q, 8 = -4*q. Suppose -k*t + 48 = -t + 3*c, 2*c + 20 = 2*t. What are the prime factors of t?
13
Let w be (-666)/(-12) - 2/(-4). Suppose -89 - w = -5*d. List the prime factors of d.
29
Suppose -4*l + 36 = -0*l. Suppose -3*p = -9, -2*p - p = 5*o - l. Suppose -3*c + 2 = 4*k - 5*k, o = -3*k + 2*c + 8. List the prime factors of k.
2
Suppose 35 = 5*t - 20. Let y(a) = a**2 - 11*a + 8. What are the prime factors of y(t)?
2
Let n(d) = -3*d - d**2 + 20*d**2 + 4*d. Let p be n(-1). Let o = -9 + p. List the prime factors of o.
3
Let m(f) = -f**3 + f + 27. List the prime factors of m(0).
3
Suppose 4*w + 30 = -w. What are the prime factors of -3 - (-4 - -3) - w?
2
Let g = -26 + 18. Let s(l) = -l - 5. What are the prime factors of s(g)?
3
Suppose 4*r - q = 2*q + 14, -r - 2*q = 2. Suppose -p - 25 = -r*p. What are the prime factors of p?
5
Let n = 85 + -6. Let x = n - 52. What are the prime factors of x?
3
Let o = 99 - 66. Suppose -w = 2*y - 6*w - o, 0 = -2*y - w + 3. Let v(q) = -q**2 + 5*q - 1. What are the prime factors of v(y)?
3
Let b(k) = k. Let a be b(12). Let x = a - 3. Let v = x + -6. List the prime factors of v.
3
Let c(i) = 2*i**3 - 5*i**2 - 4*i + 1. Let k(w) = -3*w**3 + w + 9*w**2 - 1 - 3*w**2 + 4*w. Let g(d) = 5*c(d) + 4*k(d). What are the prime factors of g(-1)?
2
Let p(b) = 32*b**2 + 1. Suppo